{"id":381,"date":"2020-05-13T20:24:37","date_gmt":"2020-05-13T20:24:37","guid":{"rendered":"https:\/\/www.prosavorgnano.it\/?page_id=381"},"modified":"2020-05-19T08:30:18","modified_gmt":"2020-05-19T08:30:18","slug":"imprimere-un-pensiero","status":"publish","type":"page","link":"https:\/\/www.prosavorgnano.it\/index.php\/altro\/imprimere-un-pensiero\/","title":{"rendered":"Imprimere un pensiero"},"content":{"rendered":"\n<p><strong>Imprimere un pensiero.<\/strong><\/p>\n\n\n\n<p><strong>Per non dimenticare.<\/strong><\/p>\n\n\n\n<p>La fatica pi\u00f9 grande, il dolore pi\u00f9 profondo che ci fa vivere questa situazione \u00e8 il non poter condividere assieme, non poter aiutare chi di aiuto ne avrebbe fortemente bisogno.<\/p>\n\n\n\n<p>L\u2019iniziativa proposta dal laboratorio di ceramica Cautero Creazioni di Savorgnano del Torre e Sonia Fattori nasce proprio da questa voglia di restare uniti, di essere i tanti tasselli della nostra comunit\u00e0 che anche se chiusi nelle nostre mura domestiche vogliamo comunque esserci vicini.<\/p>\n\n\n\n<p>Scriveteci un breve pensiero, un vostro messaggio di preghiera, una citazione, che vi rappresenti e firmatelo con il nome della vostra famiglia. In lingua italiana o friulana. Imprimeremo le vostre parole in piastrelle di argilla che verranno smaltate con i colori dell\u2019arcobaleno. Tante tessere e pensieri che ci ricorderanno come anche se lontani facciamo parte di un unico puzzle, tanti pezzi complementari che anche se lontani ora, formeranno poi un\u2019immagine di vicinanza e solidariet\u00e0 per il nostro futuro. Quando potremo finalmente riabbracciarci e nuovamente vivere la nostra comunit\u00e0 raccoglieremo tutti i vostri messaggi in un murales. E\u2019possibile per le famiglie che lo desiderano richiedere copia della piastrella donando un contributo minimo di \u20ac 18,00. Tutto il ricavato verr\u00e0 devoluto alle famiglie bisognose del territorio di Povoletto.<\/p>\n\n\n\n<p>L\u2019iniziativa patrocinata dal Comune di Povoletto e dal Consiglio Regionale del Friuli Venezia Giulia in collaborazione con la Pro Loco Savorgnano del Torre, \u00e8 gratuita.<\/p>\n\n\n\n<p>Chi voglia prendervi parte e imprimere il proprio pensiero lo invii entro il 30 Giungo scrivendo a <a href=\"mailto:imprimereunpensiero@gmail.com\">imprimereunpensiero@gmail.com<\/a> &nbsp;<\/p>\n\n\n\n<p>oppure tramite WhatsApp ai numeri<\/p>\n\n\n\n<p>+39 349 6197533 Cautero Creazioni <\/p>\n\n\n\n<p>+39 347 5280011 Sonia Fattori<\/p>\n\n\n\n<p>Di seguito le specifiche del progetto:<\/p>\n\n\n\n<div class=\"wp-block-file\"><a href=\"https:\/\/www.prosavorgnano.it\/wp-content\/uploads\/2020\/05\/PROGETTO_IMPRIMERE_UN_PENSIERO.pdf\">PROGETTO_IMPRIMERE_UN_PENSIERO<\/a><a href=\"https:\/\/www.prosavorgnano.it\/wp-content\/uploads\/2020\/05\/PROGETTO_IMPRIMERE_UN_PENSIERO.pdf\" class=\"wp-block-file__button\" download>Download<\/a><\/div>\n\n\n\n<p><\/p>\n\n\n\n<figure class=\"wp-block-image size-large\"><img loading=\"lazy\" decoding=\"async\" width=\"707\" height=\"1024\" src=\"https:\/\/www.prosavorgnano.it\/wp-content\/uploads\/2020\/05\/20200518_193639-707x1024.jpg\" alt=\"\" class=\"wp-image-392\" srcset=\"https:\/\/www.prosavorgnano.it\/wp-content\/uploads\/2020\/05\/20200518_193639-707x1024.jpg 707w, https:\/\/www.prosavorgnano.it\/wp-content\/uploads\/2020\/05\/20200518_193639-207x300.jpg 207w, https:\/\/www.prosavorgnano.it\/wp-content\/uploads\/2020\/05\/20200518_193639-768x1112.jpg 768w, https:\/\/www.prosavorgnano.it\/wp-content\/uploads\/2020\/05\/20200518_193639-1061x1536.jpg 1061w, https:\/\/www.prosavorgnano.it\/wp-content\/uploads\/2020\/05\/20200518_193639-249x360.jpg 249w, https:\/\/www.prosavorgnano.it\/wp-content\/uploads\/2020\/05\/20200518_193639.jpg 1080w\" sizes=\"auto, (max-width: 707px) 100vw, 707px\" \/><\/figure>\n","protected":false},"excerpt":{"rendered":"<p>Imprimere un pensiero. Per non dimenticare. La fatica pi\u00f9 grande, il dolore pi\u00f9 profondo che ci fa vivere questa situazione \u00e8 il non poter condividere assieme, non poter aiutare chi di aiuto ne avrebbe fortemente bisogno. L\u2019iniziativa proposta dal laboratorio di ceramica Cautero Creazioni di Savorgnano del Torre e Sonia Fattori nasce proprio da questa [&hellip;]<\/p>\n","protected":false},"author":2,"featured_media":0,"parent":364,"menu_order":0,"comment_status":"closed","ping_status":"closed","template":"","meta":{"footnotes":""},"class_list":["post-381","page","type-page","status-publish","hentry"],"_links":{"self":[{"href":"https:\/\/www.prosavorgnano.it\/index.php\/wp-json\/wp\/v2\/pages\/381","targetHints":{"allow":["GET"]}}],"collection":[{"href":"https:\/\/www.prosavorgnano.it\/index.php\/wp-json\/wp\/v2\/pages"}],"about":[{"href":"https:\/\/www.prosavorgnano.it\/index.php\/wp-json\/wp\/v2\/types\/page"}],"author":[{"embeddable":true,"href":"https:\/\/www.prosavorgnano.it\/index.php\/wp-json\/wp\/v2\/users\/2"}],"replies":[{"embeddable":true,"href":"https:\/\/www.prosavorgnano.it\/index.php\/wp-json\/wp\/v2\/comments?post=381"}],"version-history":[{"count":3,"href":"https:\/\/www.prosavorgnano.it\/index.php\/wp-json\/wp\/v2\/pages\/381\/revisions"}],"predecessor-version":[{"id":393,"href":"https:\/\/www.prosavorgnano.it\/index.php\/wp-json\/wp\/v2\/pages\/381\/revisions\/393"}],"up":[{"embeddable":true,"href":"https:\/\/www.prosavorgnano.it\/index.php\/wp-json\/wp\/v2\/pages\/364"}],"wp:attachment":[{"href":"https:\/\/www.prosavorgnano.it\/index.php\/wp-json\/wp\/v2\/media?parent=381"}],"curies":[{"name":"wp","href":"https:\/\/api.w.org\/{rel}","templated":true}]}}

<p><strong>Imprimere un pensiero.</strong></p>



<p><strong>Per non dimenticare.</strong></p>



<p>La fatica più grande, il dolore più profondo che ci fa vivere questa situazione è il non poter condividere assieme, non poter aiutare chi di aiuto ne avrebbe fortemente bisogno.</p>



<p>L’iniziativa proposta dal laboratorio di ceramica Cautero Creazioni di Savorgnano del Torre e Sonia Fattori nasce proprio da questa voglia di restare uniti, di essere i tanti tasselli della nostra comunità che anche se chiusi nelle nostre mura domestiche vogliamo comunque esserci vicini.</p>



<p>Scriveteci un breve pensiero, un vostro messaggio di preghiera, una citazione, che vi rappresenti e firmatelo con il nome della vostra famiglia. In lingua italiana o friulana. Imprimeremo le vostre parole in piastrelle di argilla che verranno smaltate con i colori dell’arcobaleno. Tante tessere e pensieri che ci ricorderanno come anche se lontani facciamo parte di un unico puzzle, tanti pezzi complementari che anche se lontani ora, formeranno poi un’immagine di vicinanza e solidarietà per il nostro futuro. Quando potremo finalmente riabbracciarci e nuovamente vivere la nostra comunità raccoglieremo tutti i vostri messaggi in un murales. E’possibile per le famiglie che lo desiderano richiedere copia della piastrella donando un contributo minimo di € 18,00. Tutto il ricavato verrà devoluto alle famiglie bisognose del territorio di Povoletto.</p>



<p>L’iniziativa patrocinata dal Comune di Povoletto e dal Consiglio Regionale del Friuli Venezia Giulia in collaborazione con la Pro Loco Savorgnano del Torre, è gratuita.</p>



<p>Chi voglia prendervi parte e imprimere il proprio pensiero lo invii entro il 30 Giungo scrivendo a <a href="mailto:imprimereunpensiero@gmail.com">imprimereunpensiero@gmail.com</a> &nbsp;</p>



<p>oppure tramite WhatsApp ai numeri</p>



<p>+39 349 6197533 Cautero Creazioni </p>



<p>+39 347 5280011 Sonia Fattori</p>



<p>Di seguito le specifiche del progetto:</p>



<div class="wp-block-file"><a href="https://www.prosavorgnano.it/wp-content/uploads/2020/05/PROGETTO_IMPRIMERE_UN_PENSIERO.pdf">PROGETTO_IMPRIMERE_UN_PENSIERO</a><a href="https://www.prosavorgnano.it/wp-content/uploads/2020/05/PROGETTO_IMPRIMERE_UN_PENSIERO.pdf" class="wp-block-file__button" download>Download</a></div>



<p></p>



<figure class="wp-block-image size-large"><img loading="lazy" decoding="async" width="707" height="1024" src="https://www.prosavorgnano.it/wp-content/uploads/2020/05/20200518_193639-707x1024.jpg" alt="" class="wp-image-392" srcset="https://www.prosavorgnano.it/wp-content/uploads/2020/05/20200518_193639-707x1024.jpg 707w, https://www.prosavorgnano.it/wp-content/uploads/2020/05/20200518_193639-207x300.jpg 207w, https://www.prosavorgnano.it/wp-content/uploads/2020/05/20200518_193639-768x1112.jpg 768w, https://www.prosavorgnano.it/wp-content/uploads/2020/05/20200518_193639-1061x1536.jpg 1061w, https://www.prosavorgnano.it/wp-content/uploads/2020/05/20200518_193639-249x360.jpg 249w, https://www.prosavorgnano.it/wp-content/uploads/2020/05/20200518_193639.jpg 1080w" sizes="auto, (max-width: 707px) 100vw, 707px" /></figure>

<p>Imprimere un pensiero. Per non dimenticare. La fatica più grande, il dolore più profondo che ci fa vivere questa situazione è il non poter condividere assieme, non poter aiutare chi di aiuto ne avrebbe fortemente bisogno. L’iniziativa proposta dal laboratorio di ceramica Cautero Creazioni di Savorgnano del Torre e Sonia Fattori nasce proprio da questa [&hellip;]</p>
